 20 = i. Let a = -8 - -6. Let j be -2 + 2 - (a - 42). What is the highest common divisor of j and i?
4
Let s = 2 - -1. Let d be s + -2 + 25 + -2. Let l = -40 - -100. What is the greatest common divisor of d and l?
12
Let z = 45 + -33. What is the highest common divisor of z and 24?
12
Let x be ((-3)/9)/(1/(-3)). Suppose 4 = 4*q - 2*q. Suppose 2 = q*s - 2. Calculate the highest common factor of x and s.
1
Let p(k) = -k**3 + 4*k**2. Let t be p(4). Suppose t*z - 20 = -2*z. Calculate the greatest common factor of z and 20.
10
Let v be 2/(-3) + 392/(-6). Let l(g) = -2*g - 3. Let z be l(-11). Let o = z - v. What is the highest common factor of o and 34?
17
Let v be (-3)/9 - 29/3. Let x = v + 23. Calculate the greatest common factor of x and 143.
13
Suppose 5*z = -5*o + 68 + 82, -4*o - 5*z + 125 = 0. What is the greatest common divisor of o and 25?
25
Suppose 0*s + 104 = s - 4*d, -5*s + 2*d + 448 = 0. Calculate the highest common factor of 8 and s.
8
Suppose s = 5*u + 3, 0*s - 9 = -3*s - 3*u. Suppose s*q = 4*q - 2. What is the greatest common factor of q and 2?
2
Let r(o) = -5*o**2 + 39*o + 11. Let q(f) = 2*f**2 - 13*f - 4. Let x(v) = 11*q(v) + 4*r(v). Let t be x(-10). Calculate the greatest common factor of t and 10.
10
Let v = 18 - 4. Let b = v - -8. Calculate the greatest common divisor of 33 and b.
11
Let b be 3 - 8/2 - -32. What is the highest common divisor of b and 124?
31
Suppose 0 = -3*f - 2 + 20. Let i = 21 - 15. Calculate the greatest common factor of f and i.
6
Suppose -272 = -4*y + 2*y. Let n = 8 + -13. Let z = n - -22. Calculate the highest common divisor of y and z.
17
Suppose -163 + 55 = -g. Calculate the highest common divisor of 18 and g.
18
Let o(r) = r**3 + 12*r**2 + 10*r + 6. Let t be o(-11). Let g = t + 19. What is the highest common factor of 9 and g?
9
Let n = 145 + -97. Calculate the greatest common divisor of n and 12.
12
Suppose 31 + 32 = 7*v. What is the greatest common factor of 63 and v?
9
Let h = 17 - 6. Calculate the greatest common divisor of h and 22.
11
Suppose 5*d = 8*d - 42. What is the greatest common factor of d and 98?
14
Let z(b) = -136*b + 4. Let x be z(-1). Calculate the highest common factor of x and 20.
20
Let g(x) = -49*x + 2. Let b be g(-2). Let q(m) = 2*m**2 - m - 5. Let l be q(5). What is the greatest common factor of b and l?
20
Suppose r - 42 = -0*r. Calculate the highest common divisor of r and 21.
21
Suppose 64 = 4*r - 0*r. Suppose 4*n + r = 0, 0*y + 3*n = y - 35. Suppose -3*v = -y - 19. What is the highest common divisor of v and 112?
14
Let s(z) = -49*z**3 + 2*z - 1. Let w be s(1). Let h = w + 80. Let i be 1/(1/(-1))*-8. What is the highest common factor of h and i?
8
Let x(u) = u**3 - 2*u**2 - 2*u - 2. Let v be x(3). Let c be 88*(7/4 - v). Let t be (-80)/(-14) - (-2)/7. What is the highest common divisor of t and c?
6
Suppose 0 = -3*p - 4*w + 239, -4*w + 3 - 19 = 0. What is the greatest common divisor of p and 34?
17
Suppose 2*z = -3*z + 120. What is the highest common factor of 48 and z?
24
Let i = -6 - -11. Suppose 5*s + 73 = i*a - 7, a + 5*s - 28 = 0. Let v = 355 - 229. Calculate the highest common factor of v and a.
18
Suppose 8*p - 13*p + 360 = 0. Calculate the greatest common factor of 18 and p.
18
Suppose -8*o = -6*o - 242. What is the highest common factor of o and 11?
11
Let b(g) be the third derivative of g**6/120 - g**5/15 + 7*g**4/24 - g**3/3 - 3*g**2. Let n be b(6). Calculate the greatest common factor of n and 14.
14
Suppose 0*k - 20 = -4*k. Suppose 2*c - 460 = -2*c. Suppose 0 = 5*x + 5*o - c, -2*x + 0*x + o = -37. Calculate the highest common factor of k and x.
5
Let s(u) = 2*u - 5. Let j be s(4). Let t(h) = -h**3 + 7*h**2 + h - 5. Let c be t(j). What is the greatest common divisor of c and 85?
17
Let z = -28 + 44. Let k(d) = d**2 - d + 6. Let j be k(7). Calculate the greatest common divisor of j and z.
16
Suppose 507 = -0*r + 3*r - 5*n, 2*r - 3*n = 339. Let o be 9/(-21) - r/(-14). Calculate the greatest common factor of 84 and o.
12
Suppose 5*u + 4*w = 220, 5*u - 223 = 2*w - 3. Let v(d) = -d**3 + 7*d**2 + 10*d - 4. Let a = 1 - -6. Let i be v(a). What is the highest common factor of i and u?
22
Suppose 822 = 4*z - 0*z + 5*l, 2*z + 2*l - 412 = 0. What is the greatest common divisor of 26 and z?
26
Let p(t) = 10*t + 7. Let g be p(3). Calculate the greatest common divisor of g and 148.
37
Let s be (-1)/(-2 + 0)*6. Let h(d) = 13*d**2 + 4. Let b be h(s). What is the highest common divisor of b and 11?
11
Let k = -162 + 232. Calculate the highest common factor of k and 10.
10
Suppose -24*b = -26*b + 144. What is the greatest common divisor of b and 18?
18
Let k = 228 + -103. Suppose -7*f + 2*f = -5, -5*f - k = -5*w. Calculate the highest common divisor of 26 and w.
26
Suppose 0 = -5*i - 7*t + 4*t + 24, -i - 4*t + 15 = 0. Suppose -m = -k - 22, 0 = 2*m - 5*m - i*k + 78. What is the greatest common divisor of m and 36?
12
Let y be 4/(-14) + (-1104)/(-42). What is the highest common factor of 65 and y?
13
Suppose -4*c = -6*c + 4. Let t(n) = -n**2 - 3*n - 6. Let b be t(6). Let f be ((-12)/(-5))/((-9)/b). What is the greatest common divisor of f and c?
2
Let l be (63 - 0) + (6 - 5). Let a = l + -31. Calculate the highest common factor of 3 and a.
3
Let g be -24*(-2 - 3/12). Calculate the greatest common divisor of 6 and g.
6
Let w(a) = a**3 + 4*a**2 + a + 1. Let u be w(-3). What is the highest common divisor of u and 56?
7
Suppose h = 5*h - 20, 13 = r - h. Calculate the highest common divisor of r and 6.
6
Suppose 0 = 5*o - 2*h + 28, -3*h = -0*o - 5*o - 32. Let r = o + 7. Suppose -t + r + 12 = 0. Calculate the highest common factor of t and 3.
3
Let y(n) = -9*n - 9. Let p be y(-7). Calculate the greatest common divisor of p and 18.
18
Let m = -23 - -34. What is the highest common divisor of 55 and m?
11
Suppose -4*u = u - 5400. Let h be ((-1)/(-2))/(3/u). Suppose 2*i - 3*w = -0*w + 124, 0 = -3*i + 3*w + h. What is the highest common factor of i and 8?
8
Let x(c) = -c**3 - 3*c**2 + 7*c - 1. Let o be x(-5). What is the greatest common factor of 56 and o?
14
Let f = -12 + 23. Suppose 48 + 304 = 4*i. Suppose -4 = -r, 3*r - 276 + i = -2*p. Calculate the highest common divisor of f and p.
11
Suppose 0*v - 225 = -5*a + v, 4*a = 4*v + 164. Suppose 0 = 5*b - f - 233 - a, -5*f = -3*b + 185. What is the highest common factor of 11 and b?
11
Let b(n) = 50*n**3. Let k be b(1). Let h be ((-4)/(-3))/((-1)/(-15)). What is the highest common factor of h and k?
10
Suppose 3*i - 78 = -3*i. Calculate the highest common divisor of 195 and i.
13
Let l(k) = -3*k + 4. Let h be l(-2). Let v = -104 - -174. Calculate the highest common factor of v and h.
10
Let a be 1/6 - 3269/(-42). Suppose a = 3*t - 3*p - 0*p, 5*p - 68 = -4*t. What is the highest common factor of t and 2?
2
Suppose 4*h = 3*t - 62, 3*t - 7 = h + 40. What is the highest common factor of t and 70?
14
Suppose 0 = q - 22 - 60. Suppose 3*j - q = -19. What is the highest common divisor of j and 14?
7
Suppose r - 115 = -4*r. Suppose 4*p = 33 + r. What is the greatest common factor of 126 and p?
14
Suppose -2*w - 5*z - 307 = -5*w, -190 = -2*w - 4*z. Calculate the highest common divisor of 11 and w.
11
Let x(b) = -b**3 + 3*b**2 + 4. Let d be x(3). Let y be 25 + (3 - 1 - -1). What is the highest common divisor of y and d?
4
Let t be (83/(-2))/((-1)/(-4)). Let y be 2/(216/109 + -2). Let a = y - t. Calculate the greatest common divisor of 38 and a.
19
Suppose 84 + 87 = 9*v. Calculate the highest common divisor of 209 and v.
19
Suppose -4*u - 2 = -62. Suppose 2*n + n = -i + 8, i = 3*n - 10. Suppose 159 = n*j + 24. Calculate the greatest common divisor of j and u.
15
Suppose 2*z + 2*z = 128. Calculate the greatest common factor of z and 4.
4
Let a = -7 + 11. Let v be (0/(-2) - 1)/(1 - 2). What is the greatest common divisor of v and a?
1
Suppose -12 = -0*s - 4*s. Let m be 75/12 - (-3)/(-12). Calculate the greatest common factor of s and m.
3
Let i = 77 + -44. Calculate the highest common factor of 165 and i.
33
Let c be ((-348)/10)/(6/(-20)). What is the greatest common divisor of c and 29?
29
Suppose 4*d + 167 = 787. What is the greatest common factor of d and 62?
31
Suppose 2*h - 20 = y, 3*h = y - 0*y + 30. Let n be (112/(-20))/((-4)/h). Calculate the highes